s digit of 12801?
1
What is the hundreds digit of 363?
3
What is the thousands digit of 8591?
8
What is the hundreds digit of 1089?
0
What is the tens digit of 48?
4
What is the hundreds digit of 14206?
2
What is the units digit of 17968?
8
What is the tens digit of 42531?
3
What is the units digit of 7025?
5
What is the units digit of 3789?
9
What is the hundreds digit of 727?
7
What is the units digit of 842?
2
What is the units digit of 621?
1
What is the tens digit of 1068?
6
What is the tens digit of 121120?
2
What is the thousands digit of 5810?
5
What is the hundreds digit of 820?
8
What is the hundreds digit of 4564?
5
What is the units digit of 319?
9
What is the tens digit of 35765?
6
What is the tens digit of 1848?
4
What is the thousands digit of 38572?
8
What is the hundreds digit of 279?
2
What is the hundreds digit of 724?
7
What is the hundreds digit of 15981?
9
What is the tens digit of 889?
8
What is the thousands digit of 20118?
0
What is the ten thousands digit of 32789?
3
What is the units digit of 1880?
0
What is the units digit of 1796?
6
What is the units digit of 495?
5
What is the hundreds digit of 120111?
1
What is the hundreds digit of 3074?
0
What is the units digit of 357?
7
What is the tens digit of 1487?
8
What is the tens digit of 34054?
5
What is the units digit of 14570?
0
What is the units digit of 911?
1
What is the units digit of 54273?
3
What is the tens digit of 11306?
0
What is the hundreds digit of 666?
6
What is the thousands digit of 9938?
9
What is the hundreds digit of 11965?
9
What is the units digit of 1372?
2
What is the tens digit of 1540?
4
What is the hundreds digit of 6688?
6
What is the tens digit of 288?
8
What is the thousands digit of 108721?
8
What is the thousands digit of 85784?
5
What is the tens digit of 77006?
0
What is the units digit of 4626?
6
What is the tens digit of 1810?
1
What is the tens digit of 988?
8
What is the units digit of 52855?
5
What is the thousands digit of 5891?
5
What is the tens digit of 128613?
1
What is the hundreds digit of 60233?
2
What is the thousands digit of 73548?
3
What is the hundreds digit of 14417?
4
What is the hundreds digit of 19029?
0
What is the tens digit of 4462?
6
What is the hundreds digit of 151?
1
What is the hundreds digit of 347?
3
What is the thousands digit of 7809?
7
What is the hundreds digit of 2711?
7
What is the units digit of 2442?
2
What is the thousands digit of 34157?
4
What is the tens digit of 2480?
8
What is the thousands digit of 16184?
6
What is the units digit of 2139?
9
What is the hundreds digit of 1148?
1
What is the tens digit of 2013?
1
What is the thousands digit of 2765?
2
What is the thousands digit of 44429?
4
What is the units digit of 7542?
2
What is the units digit of 651?
1
What is the hundreds digit of 46139?
1
What is the ten thousands digit of 24911?
2
What is the tens digit of 1165?
6
What is the thousands digit of 7369?
7
What is the tens digit of 663?
6
What is the hundreds digit of 1535?
5
What is the tens digit of 11703?
0
What is the thousands digit of 159409?
9
What is the hundreds digit of 7406?
4
What is the thousands digit of 7081?
7
What is the tens digit of 1164?
6
What is the hundreds digit of 31305?
3
What is the tens digit of 14015?
1
What is the ten thousands digit of 15828?
1
What is the ten thousands digit of 58809?
5
What is the ten thousands digit of 29805?
2
What is the thousands digit of 41023?
1
What is the thousands digit of 2406?
2
What is the tens digit of 4772?
7
What is the thousands digit of 1832?
1
What is the thousands digit of 9306?
9
What is the hundreds digit of 15253?
2
What is the ten thousands digit of 34094?
3
What is the units digit of 55626?
6
What is the tens digit of 23850?
5
What is the tens digit of 859?
5
What is the tens digit of 21606?
0
What is the units digit of 996?
6
What is the hundreds digit of 441?
4
What is the thousands digit of 1512?
1
What is the thousands digit of 11625?
1
What is the tens digit of 14837?
3
What is the ten thousands digit of 36831?
3
What is the thousands digit of 1203?
1
What is the thousands digit of 1206?
1
What is the hundreds digit of 12132?
1
What is the units digit of 2179?
9
What is the units digit of 2753?
3
What is the tens digit of 34491?
9
What is the tens digit of 696?
9
What is the thousands digit of 2232?
2
What is the thousands digit of 1054?
1
What is the hundreds digit of 9213?
2
What is the hundreds digit of 744?
7
What is the thousands digit of 27693?
7
What is the tens digit of 28815?
1
What is the tens digit of 10489?
8
What is the tens digit of 9090?
9
What is the units digit of 242?
2
What is the units digit of 248?
8
What is the tens digit of 9786?
8
What is the units digit of 4916?
6
What is the units digit of 277?
7
What is the ten thousands digit of 30965?
3
What is the tens digit of 13846?
4
What is the hundreds digit of 3680?
6
What is the units digit of 1049?
9
What is the units digit of 5772?
2
What is the ten thousands digit of 24825?
2
What is the hundreds digit of 8172?
1
What is the thousands digit of 4229?
4
What is the thousands digit of 2330?
2
What is the tens digit of 1050?
5
What is the units digit of 1883?
3
What is the units digit of 476?
6
What is the thousands digit of 1100?
1
What is the tens digit of 438?
3
What is the hundreds digit of 124?
1
What is the hundreds digit of 931?
9
What is the thousands digit of 65718?
5
What is the tens digit of 1138?
3
What is the units digit of 1024?
4
What is the thousands digit of 8913?
8
What is the units digit of 374?
4
What is the hundreds digit of 192?
1
What is the tens digit of 3938?
3
What is the units digit of 39781?
1
What is the units digit of 21028?
8
What is the thousands digit of 2102?
2
What is the thousands digit of 103006?
3
What is the hundreds digit of 240?
2
What is the tens digit of 10416?
1
What is the hundreds digit of 2467?
4
What is the tens digit of 46393?
9
What is the units digit of 5836?
6
What is the thousands digit of 4152?
4
What is the tens digit of 872?
7
What is the ten thousands digit of 51122?
5
What is the hundreds digit of 3405?
4
What is the hundreds digit of 2138?
1
What is the units digit of 1633?
3
What is the ten thousands digit of 27402?
2
What is the units digit of 1547?
7
What is the hundreds digit of 12228?
2
What is the thousands digit of 2042?
2
What is the tens digit of 71?
7
What is the units digit of 14012?
2
What is the tens digit of 2518?
1
What is the units digit of 41497?
7
What is the thousands digit of 3564?
3
What is the hundreds digit of 4593?
5
What is the tens digit of 1412?
1
What is the thousands digit of 5433?
5
What is the tens digit of 723?
2
What is the units digit of 1135?
5
What is the hundreds digit of 19307?
3
What is the units digit of 6?
6
What is the tens digit of 241?
4
What is the units digit of 127035?
5
What is the tens digit of 22281?
8
What is the hundreds digit of 3045?
0
What is the units digit of 2302?
2
What is the units digit of 829?
9
What is the ten thousands digit of 49436?
4
What is the units digit of 1805?
5
What is the tens digit of 6036?
3
What is the units digit of 8137?
7
What is the units digit of 3667?
7
What is the thousands digit of 8883?
8
What is the tens digit of 149222?
2
What is the tens digit of 2693?
9
What is the units digit of 1658?
8
What is the tens digit of 7418?
1
What is the tens digit of 27520?
2
What is the hundreds digit of 1883?
8
What is the tens digit of 18?
1
What is the hundreds digit of 12728?
7
What is the thousands digit of 2356?
2
What is the thousands digit of 2162?
2
What is the thousands digit of 1270?
1
What is the units digit of 5428?
8
What is the tens digit of 4023?
2
What is the units digit of 8?
8
What is the units digit of 8?
8
What is the tens digit of 364?
6
What is the units digit of 2517?
7
What is the tens digit of 100?
0
What is the tens digit of 1422?
2
What is the tens digit of 22675?
7
What is the units digit of 3215?
5
What is the hundreds digit of 41189?
1
What is the thousands digit of 22824?
2
What is the ten thousands digit of 41961?
4
What is the ten thousands digit of 46345?
4
What is the hundreds digit of 27164?
1
What is the tens digit of 13256?
5
What is the thousands digit of 3431?
3
W